0
What is the highest common factor of 351 and 7416?
9
Calculate the highest common divisor of 567241 and 942.
157
What is the highest common factor of 1901912 and 496?
248
What is the greatest common divisor of 33190 and 310?
10
What is the greatest common factor of 2286 and 878967?
1143
Calculate the highest common factor of 18682 and 26.
2
What is the greatest common divisor of 22 and 841060?
22
What is the highest common divisor of 11723 and 931?
19
What is the greatest common divisor of 285 and 171?
57
What is the greatest common factor of 26 and 382889?
13
Calculate the greatest common factor of 85 and 697.
17
What is the greatest common divisor of 95 and 535?
5
Calculate the greatest common divisor of 9 and 136854.
9
What is the greatest common divisor of 27284 and 2280?
76
Calculate the highest common factor of 1493 and 3278628.
1493
What is the greatest common divisor of 101670 and 480?
30
Calculate the highest common divisor of 9 and 281133.
9
Calculate the greatest common divisor of 1545 and 90300.
15
What is the highest common factor of 45070 and 5210?
10
What is the highest common factor of 1204 and 20984?
172
What is the highest common divisor of 3105 and 1728?
27
What is the greatest common factor of 7364 and 161?
7
What is the highest common divisor of 2109 and 2679?
57
What is the highest common divisor of 1330 and 1862570?
190
Calculate the highest common factor of 29885 and 27477.
43
What is the highest common divisor of 868 and 37448?
124
What is the greatest common divisor of 8176 and 35308?
28
Calculate the highest common divisor of 100 and 318450.
50
Calculate the greatest common factor of 404 and 402586.
202
Calculate the highest common divisor of 381429 and 243.
81
What is the greatest common factor of 49 and 171304?
49
Calculate the highest common divisor of 435610 and 224.
14
What is the greatest common factor of 20 and 26380?
20
Calculate the highest common divisor of 73083 and 1887.
51
Calculate the highest common factor of 50 and 112575.
25
Calculate the highest common divisor of 1005928 and 6776.
616
What is the highest common divisor of 688 and 44032?
688
Calculate the highest common factor of 56134 and 8918.
26
Calculate the greatest common divisor of 3565 and 1463789.
713
Calculate the greatest common factor of 2092 and 32.
4
What is the highest common divisor of 2676 and 6156?
12
What is the greatest common factor of 7719 and 899?
31
What is the greatest common factor of 217170 and 95?
95
What is the highest common factor of 370 and 18204?
74
Calculate the greatest common factor of 74650 and 400.
50
What is the highest common divisor of 378 and 179802?
126
Calculate the greatest common divisor of 620632 and 368.
184
Calculate the highest common factor of 71442 and 2597.
49
Calculate the highest common divisor of 67946 and 4346.
106
Calculate the greatest common factor of 400 and 458480.
80
What is the greatest common divisor of 99880 and 88?
88
Calculate the highest common divisor of 5 and 274275.
5
Calculate the highest common factor of 9 and 44442.
9
What is the highest common divisor of 56 and 21304?
8
Calculate the greatest common divisor of 122416 and 224.
112
What is the highest common divisor of 12993 and 852?
213
What is the greatest common divisor of 33 and 1447952?
11
What is the highest common divisor of 12443 and 23?
23
Calculate the greatest common divisor of 1737520 and 296.
296
Calculate the highest common factor of 21 and 4191.
3
Calculate the highest common factor of 1035 and 8445.
15
Calculate the greatest common factor of 245 and 35315.
35
What is the greatest common divisor of 513 and 1980009?
171
What is the greatest common factor of 18825 and 375?
75
Calculate the greatest common divisor of 4 and 127108.
4
What is the highest common factor of 1863 and 42251?
23
What is the greatest common factor of 180 and 3870?
90
What is the highest common factor of 122 and 38?
2
What is the highest common divisor of 20 and 3525?
5
Calculate the highest common factor of 482 and 486820.
482
What is the greatest common factor of 729865 and 305?
305
What is the greatest common divisor of 1748 and 645886?
874
What is the highest common factor of 1298 and 85954?
22
What is the greatest common factor of 15 and 1149?
3
Calculate the highest common divisor of 336 and 54160.
16
Calculate the highest common factor of 288 and 3534048.
288
Calculate the highest common divisor of 1300 and 52975.
325
What is the highest common factor of 25 and 7124225?
25
Calculate the highest common divisor of 594 and 2025.
27
What is the greatest common divisor of 301 and 5887?
7
Calculate the greatest common factor of 248578 and 198.
22
Calculate the highest common divisor of 322 and 1400723.
23
Calculate the greatest common factor of 295188 and 918.
102
Calculate the greatest common factor of 4450 and 1424.
178
Calculate the greatest common factor of 10780 and 84.
28
Calculate the highest common divisor of 201 and 620889.
201
Calculate the highest common factor of 23140 and 260.
260
What is the highest common divisor of 2916 and 302?
2
What is the greatest common factor of 56258 and 46?
46
Calculate the highest common factor of 630 and 5760.
90
What is the greatest common divisor of 3236604 and 1113?
1113
What is the greatest common factor of 20 and 290860?
20
Calculate the greatest common divisor of 60080 and 64.
16
What is the greatest common divisor of 83342 and 4?
2
Calculate the greatest common factor of 14336 and 294336.
448
What is the greatest common factor of 282 and 122482?
94
What is the greatest common factor of 1333 and 4472?
43
Calculate the highest common divisor of 4895 and 121.
11
What is the highest common factor of 12080 and 18875?
755
Calculate the highest common divisor of 110 and 32945.
55
What is the greatest common factor of 109026 and 2835?
81
Calculate the highest common factor of 8099 and 26.
13
What is the greatest common divisor of 24640 and 4576?
352
Calculate the highest common divisor of 204 and 24.
12
Calculate the highest common factor of 1098858 and 14547.
1119
What is the greatest common divisor of 1471 and 10?
1
Calculate the highest common factor of 41986 and 40.
2
Calculate the greatest common divisor of 1027 and 18407.
79
Calculate the greatest common divisor of 9140 and 80.
20
What is the greatest common divisor of 3230 and 15770?
190
What is the greatest common factor of 434014 and 1624?
406
Calculate the greatest common factor of 396225 and 1350.
675
What is the highest common divisor of 302 and 206?
2
Calculate the highest common divisor of 31510 and 15.
5
What is the highest common divisor of 1593210 and 690?
690
Calculate the highest common factor of 102 and 23834.
34
Calculate the greatest common factor of 405468 and 2.
2
Calculate the highest common factor of 33338 and 1688.
422
What is the greatest common divisor of 1560 and 5304?
312
What is the highest common factor of 114 and 36214?
38
What is the highest common factor of 302070 and 120?
30
What is the highest common factor of 34992 and 16?
16
What is the highest common factor of 82555 and 5?
5
Calculate the greatest common factor of 100 and 290860.
20
Calculate the highest common factor of 6855 and 1690443.
1371
Calculate the highest common divisor of 1433417 and 38.
19
Calculate the greatest common factor of 21 and 154679.
7
What is the highest common divisor of 140 and 229005?
35
What is the greatest common divisor of 10440 and 26361?
261
What is the greatest common factor of 1564 and 79152?
68
What is the greatest common factor of 55500 and 45?
15
What is the highest common divisor of 43123 and 6235?
29
What is the greatest common factor of 350 and 20225?
25
What is the highest common factor of 27 and 99426?
3
What is the highest common factor of 760 and 1938?
38
What is the greatest common divisor of 296 and 108?
4
Calculate the greatest common divisor of 231 and 697389.
231
Calculate the greatest common factor of 2665 and 20345.
65
What is the greatest common divisor of 549 and 2979?
9
What is the highest common factor of 21 and 23135?
7
What is the greatest common factor of 105 and 820820?
35
Calculate the greatest common divisor of 466587 and 495.
99
What is the greatest common divisor of 40 and 9420?
20
Calculate 